{"id":3,"date":"2025-09-24T20:10:11","date_gmt":"2025-09-24T20:10:11","guid":{"rendered":"http:\/\/putovanja.plucentar.com\/?page_id=3"},"modified":"2025-10-30T02:41:29","modified_gmt":"2025-10-30T02:41:29","slug":"privacy-policy","status":"publish","type":"page","link":"https:\/\/putovanja.plucentar.com\/index.php\/privacy-policy\/","title":{"rendered":"Politika privatnosti"},"content":{"rendered":"\n<h3 class=\"wp-block-heading\"><strong>Ko smo mi<\/strong><\/h3>\n\n\n\n<p>Adresa na\u0161e web stranice je: <a href=\"https:\/\/putovanja.plucentar.com\">https:\/\/putovanja.plucentar.com<\/a>.<br>Stranica <strong>PLU Putovanja<\/strong> je dio projekta <strong>PLU Marketing<\/strong> i koristi se za objavu putopisnih emisija, blogova i multimedijalnog sadr\u017eaja.<\/p>\n\n\n\n<hr class=\"wp-block-separator has-alpha-channel-opacity\"\/>\n\n\n\n<h3 class=\"wp-block-heading\"><strong>Komentari<\/strong><\/h3>\n\n\n\n<p>Kada posjetioci ostave komentar na stranici, prikupljamo podatke prikazane u formi za komentare, kao i IP adresu posjetioca i korisni\u010dki agent preglednika kako bismo pomogli u otkrivanju ne\u017eeljenih poruka (spama).<\/p>\n\n\n\n<p>Anonimizirani niz kreiran iz va\u0161e e-mail adrese (tzv. hash) mo\u017ee biti dostavljen <strong>Gravatar<\/strong> servisu da bi se provjerilo koristite li ga. Politiku privatnosti Gravatar servisa mo\u017eete pogledati ovdje: <a href=\"https:\/\/automattic.com\/privacy\/\">https:\/\/automattic.com\/privacy\/<\/a>.<br>Nakon odobrenja komentara, va\u0161a profilna slika bi\u0107e javno vidljiva uz va\u0161 komentar.<\/p>\n\n\n\n<hr class=\"wp-block-separator has-alpha-channel-opacity\"\/>\n\n\n\n<h3 class=\"wp-block-heading\"><strong>Mediji<\/strong><\/h3>\n\n\n\n<p>Ako postavljate slike na ovu stranicu, izbjegavajte u\u010ditavanje slika koje sadr\u017ee <strong>lokacijske podatke (EXIF GPS)<\/strong>. Posjetioci stranice mogu preuzeti i izdvojiti bilo kakve podatke o lokaciji iz postavljenih slika.<\/p>\n\n\n\n<hr class=\"wp-block-separator has-alpha-channel-opacity\"\/>\n\n\n\n<h3 class=\"wp-block-heading\"><strong>Kola\u010di\u0107i (Cookies)<\/strong><\/h3>\n\n\n\n<p>Ako ostavite komentar na na\u0161oj stranici, mo\u017eete se odlu\u010diti za spremanje va\u0161eg imena, e-mail adrese i web stranice u kola\u010di\u0107e.<br>Ovo je radi va\u0161e udobnosti \u2014 da ne morate ponovo unositi podatke prilikom ostavljanja novog komentara. Ovi kola\u010di\u0107i traju <strong>jednu godinu<\/strong>.<\/p>\n\n\n\n<p>Ako posjetite na\u0161u stranicu za prijavu, postavit \u0107emo privremeni kola\u010di\u0107 kako bismo provjerili prihvata li va\u0161 preglednik kola\u010di\u0107e. Ovaj kola\u010di\u0107 ne sadr\u017ei li\u010dne podatke i bri\u0161e se kada zatvorite preglednik.<\/p>\n\n\n\n<p>Kada se prijavite, postavljamo nekoliko kola\u010di\u0107a kako bismo sa\u010duvali va\u0161e prijavne podatke i postavke prikaza ekrana.<\/p>\n\n\n\n<ul class=\"wp-block-list\">\n<li><strong>Kola\u010di\u0107i za prijavu<\/strong> traju 2 dana<\/li>\n\n\n\n<li><strong>Kola\u010di\u0107i za opcije prikaza<\/strong> traju 1 godinu<br>Ako izaberete opciju \u201eZapamti me\u201c, prijava \u0107e ostati aktivna dvije sedmice. Kada se odjavite, kola\u010di\u0107i se bri\u0161u.<\/li>\n<\/ul>\n\n\n\n<p>Ako ure\u0111ujete ili objavljujete \u010dlanak, dodatni kola\u010di\u0107 \u0107e biti spremljen u va\u0161 preglednik. Ovaj kola\u010di\u0107 ne sadr\u017ei li\u010dne podatke i jednostavno ozna\u010dava ID \u010dlanka koji ste ure\u0111ivali. Isti\u010de nakon jednog dana.<\/p>\n\n\n\n<hr class=\"wp-block-separator has-alpha-channel-opacity\"\/>\n\n\n\n<h3 class=\"wp-block-heading\"><strong>Ugra\u0111eni sadr\u017eaj s drugih web stranica<\/strong><\/h3>\n\n\n\n<p>\u010clanci na ovoj stranici mogu sadr\u017eavati ugra\u0111eni sadr\u017eaj (npr. video zapise, slike, \u010dlanke i sl.).<br>Ugra\u0111eni sadr\u017eaj s drugih web stranica pona\u0161a se isto kao da ste posjetili te web stranice direktno.<\/p>\n\n\n\n<p>Te web stranice mogu prikupljati podatke o vama, koristiti kola\u010di\u0107e, ugraditi pra\u0107enje tre\u0107ih strana i pratiti va\u0161u interakciju s tim sadr\u017eajem, uklju\u010duju\u0107i i ako ste prijavljeni na tu web stranicu.<\/p>\n\n\n\n<hr class=\"wp-block-separator has-alpha-channel-opacity\"\/>\n\n\n\n<h3 class=\"wp-block-heading\"><strong>S kim dijelimo va\u0161e podatke<\/strong><\/h3>\n\n\n\n<p>Ako zatra\u017eite reset lozinke, va\u0161a IP adresa bi\u0107e uklju\u010dena u e-mail za resetovanje.<\/p>\n\n\n\n<hr class=\"wp-block-separator has-alpha-channel-opacity\"\/>\n\n\n\n<h3 class=\"wp-block-heading\"><strong>Koliko dugo \u010duvamo va\u0161e podatke<\/strong><\/h3>\n\n\n\n<p>Ako ostavite komentar, on i njegovi metapodaci se \u010duvaju <strong>neograni\u010deno<\/strong>.<br>To nam omogu\u0107ava da automatski prepoznamo i odobrimo naredne komentare bez zadr\u017eavanja u redu za moderaciju.<\/p>\n\n\n\n<p>Za korisnike koji se registruju na na\u0161oj web stranici (ako ih ima), \u010duvamo li\u010dne informacije koje su dali u svom korisni\u010dkom profilu.<br>Svi korisnici mogu vidjeti, urediti ili izbrisati svoje li\u010dne informacije u bilo kojem trenutku (osim korisni\u010dkog imena). Administratori stranice tako\u0111e mogu vidjeti i ure\u0111ivati te informacije.<\/p>\n\n\n\n<hr class=\"wp-block-separator has-alpha-channel-opacity\"\/>\n\n\n\n<h3 class=\"wp-block-heading\"><strong>Va\u0161a prava nad va\u0161im podacima<\/strong><\/h3>\n\n\n\n<p>Ako imate ra\u010dun na ovoj stranici, ili ste ostavili komentar, mo\u017eete zatra\u017eiti da dobijete <strong>izvezeni fajl<\/strong> sa li\u010dnim podacima koje \u010duvamo o vama, uklju\u010duju\u0107i i sve podatke koje ste sami dostavili.<br>Tako\u0111er mo\u017eete zatra\u017eiti da izbri\u0161emo bilo koje li\u010dne podatke koje imamo o vama.<br>To ne uklju\u010duje podatke koje smo du\u017eni \u010duvati iz administrativnih, pravnih ili sigurnosnih razloga.<\/p>\n\n\n\n<hr class=\"wp-block-separator has-alpha-channel-opacity\"\/>\n\n\n\n<h3 class=\"wp-block-heading\"><strong>Gdje se va\u0161i podaci \u0161alju<\/strong><\/h3>\n\n\n\n<p>Komentari posjetilaca mogu biti provjereni putem <strong>automatske usluge otkrivanja spama.<\/strong><\/p>\n","protected":false},"excerpt":{"rendered":"<p>Ko smo mi Adresa na\u0161e web stranice je: https:\/\/putovanja.plucentar.com.Stranica PLU Putovanja je dio projekta PLU Marketing i koristi se za objavu putopisnih emisija, blogova i multimedijalnog sadr\u017eaja. Komentari Kada posjetioci ostave komentar na stranici, prikupljamo podatke prikazane u formi za komentare, kao i IP adresu posjetioca i korisni\u010dki agent preglednika kako bismo pomogli u otkrivanju [&hellip;]<\/p>\n","protected":false},"author":1,"featured_media":0,"parent":0,"menu_order":0,"comment_status":"closed","ping_status":"open","template":"","meta":{"footnotes":""},"class_list":["post-3","page","type-page","status-publish","hentry"],"_links":{"self":[{"href":"https:\/\/putovanja.plucentar.com\/index.php\/wp-json\/wp\/v2\/pages\/3","targetHints":{"allow":["GET"]}}],"collection":[{"href":"https:\/\/putovanja.plucentar.com\/index.php\/wp-json\/wp\/v2\/pages"}],"about":[{"href":"https:\/\/putovanja.plucentar.com\/index.php\/wp-json\/wp\/v2\/types\/page"}],"author":[{"embeddable":true,"href":"https:\/\/putovanja.plucentar.com\/index.php\/wp-json\/wp\/v2\/users\/1"}],"replies":[{"embeddable":true,"href":"https:\/\/putovanja.plucentar.com\/index.php\/wp-json\/wp\/v2\/comments?post=3"}],"version-history":[{"count":3,"href":"https:\/\/putovanja.plucentar.com\/index.php\/wp-json\/wp\/v2\/pages\/3\/revisions"}],"predecessor-version":[{"id":69,"href":"https:\/\/putovanja.plucentar.com\/index.php\/wp-json\/wp\/v2\/pages\/3\/revisions\/69"}],"wp:attachment":[{"href":"https:\/\/putovanja.plucentar.com\/index.php\/wp-json\/wp\/v2\/media?parent=3"}],"curies":[{"name":"wp","href":"https:\/\/api.w.org\/{rel}","templated":true}]}}